{"id":582,"date":"2026-03-24T18:23:32","date_gmt":"2026-03-24T18:23:32","guid":{"rendered":"https:\/\/institutoprisara.com.br\/blog\/?page_id=582"},"modified":"2026-03-24T18:26:13","modified_gmt":"2026-03-24T18:26:13","slug":"contato","status":"publish","type":"page","link":"https:\/\/institutoprisara.com.br\/blog\/contato\/","title":{"rendered":"Contato"},"content":{"rendered":"\n<p>O Instituto Prisara de Forma\u00e7\u00e3o e Treinamento disponibiliza canais oficiais de comunica\u00e7\u00e3o para atendimento ao p\u00fablico, esclarecimento de d\u00favidas, suporte acad\u00eamico e informa\u00e7\u00f5es institucionais.<\/p>\n\n\n\n<p>Os interessados podem entrar em contato para tratar de assuntos relacionados aos cursos livres, parcerias institucionais, atividades de pesquisa, submiss\u00e3o de artigos ao peri\u00f3dico cient\u00edfico Revista Prisara, bem como demais demandas acad\u00eamicas e administrativas.<\/p>\n\n\n\n<p>O atendimento \u00e9 realizado por meio dos canais digitais dispon\u00edveis no site oficial, garantindo praticidade, agilidade e transpar\u00eancia na comunica\u00e7\u00e3o.<\/p>\n\n\n\n<p>Para d\u00favidas, solicita\u00e7\u00f5es ou informa\u00e7\u00f5es adicionais, recomenda-se a utiliza\u00e7\u00e3o dos canais oficiais de contato disponibilizados nesta p\u00e1gina.<\/p>\n\n\n\n<p> E-mail institucional:  editorial@institutoprisara.com.br<br>S\u00e3o Gon\u00e7alo\/RJ<\/p>\n\n\n\n<p><strong>INSTITUTO PRISARA DE FORMACAO E TREINAMENTO LTDA<\/strong>&nbsp;<\/p>\n\n\n\n<p>&nbsp;Av. Pres. Kennedy, 735 &#8211; Sala 110 &#8211; Estrela do Norte, S\u00e3o Gon\u00e7alo &#8211; RJ, 24445-795<\/p>\n","protected":false},"excerpt":{"rendered":"<p>O Instituto Prisara de Forma\u00e7\u00e3o e Treinamento disponibiliza canais oficiais de comunica\u00e7\u00e3o para atendimento ao p\u00fablico, esclarecimento de d\u00favidas, suporte acad\u00eamico e informa\u00e7\u00f5es institucionais. Os interessados podem entrar em contato para tratar de assuntos relacionados aos cursos livres, parcerias institucionais, atividades de pesquisa, submiss\u00e3o de artigos ao peri\u00f3dico cient\u00edfico Revista Prisara, bem como demais demandas [&hellip;]<\/p>\n","protected":false},"author":1,"featured_media":0,"parent":0,"menu_order":0,"comment_status":"closed","ping_status":"closed","template":"","meta":{"footnotes":""},"class_list":["post-582","page","type-page","status-publish","hentry"],"_links":{"self":[{"href":"https:\/\/institutoprisara.com.br\/blog\/wp-json\/wp\/v2\/pages\/582","targetHints":{"allow":["GET"]}}],"collection":[{"href":"https:\/\/institutoprisara.com.br\/blog\/wp-json\/wp\/v2\/pages"}],"about":[{"href":"https:\/\/institutoprisara.com.br\/blog\/wp-json\/wp\/v2\/types\/page"}],"author":[{"embeddable":true,"href":"https:\/\/institutoprisara.com.br\/blog\/wp-json\/wp\/v2\/users\/1"}],"replies":[{"embeddable":true,"href":"https:\/\/institutoprisara.com.br\/blog\/wp-json\/wp\/v2\/comments?post=582"}],"version-history":[{"count":1,"href":"https:\/\/institutoprisara.com.br\/blog\/wp-json\/wp\/v2\/pages\/582\/revisions"}],"predecessor-version":[{"id":583,"href":"https:\/\/institutoprisara.com.br\/blog\/wp-json\/wp\/v2\/pages\/582\/revisions\/583"}],"wp:attachment":[{"href":"https:\/\/institutoprisara.com.br\/blog\/wp-json\/wp\/v2\/media?parent=582"}],"curies":[{"name":"wp","href":"https:\/\/api.w.org\/{rel}","templated":true}]}}